{"id":4862,"date":"2023-06-22T15:50:31","date_gmt":"2023-06-22T13:50:31","guid":{"rendered":"https:\/\/www.orthodontie-haguenau.fr\/?page_id=4862"},"modified":"2024-02-14T10:35:19","modified_gmt":"2024-02-14T09:35:19","slug":"lorthodontie-entre-7-et-12-ans","status":"publish","type":"page","link":"https:\/\/www.orthodontie-haguenau.fr\/?page_id=4862","title":{"rendered":"L&rsquo;orthodontie entre 7 et 12 ans"},"content":{"rendered":"\n<div id=\"gspb_heading-id-gsbp-60fe6609-6253\" class=\"gspb_heading gspb_heading-id-gsbp-60fe6609-6253 \">L&rsquo;orthodontie entre 7 et 12 ans <\/div>\n\n\n\n<div class=\"wp-block-greenshift-blocks-row alignfull gspb_row gspb_row-id-gsbp-5e9baeff-b823\" id=\"gspb_row-id-gsbp-5e9baeff-b823\"><div class=\"gspb_backgroundOverlay\"><\/div><div class=\"gspb_row__content\"> \n<div class=\"wp-block-greenshift-blocks-row-column gspb_row__col--12 gspb_col-id-gsbp-f23dc2b5-cd88\" id=\"gspb_col-id-gsbp-f23dc2b5-cd88\">\n<div class=\"wp-block-greenshift-blocks-container gspb_container gspb_container-gsbp-99af861b-1879\" id=\"gspb_container-id-gsbp-99af861b-1879\"><\/div>\n\n\n\n<div id=\"gspb_text-id-gsbp-3e12f306-d62e\" class=\"gspb_text gspb_text-id-gsbp-3e12f306-d62e \"><\/div>\n\n\n\n<div class=\"wp-block-greenshift-blocks-row gspb_row gspb_row-id-gsbp-22ed571c-f456\" id=\"gspb_row-id-gsbp-22ed571c-f456\"><div class=\"gspb_backgroundOverlay\"><\/div>\n<div class=\"wp-block-greenshift-blocks-row-column gspb_row__col--4 gspb_col-id-gsbp-7ac52675-522f\" id=\"gspb_col-id-gsbp-7ac52675-522f\">\n<div class=\"wp-block-greenshift-blocks-container gspb_container gspb_container-gsbp-b6e86034-a8fa\" id=\"gspb_container-id-gsbp-b6e86034-a8fa\">\n<div class=\"wp-block-greenshift-blocks-container gspb_container gspb_container-gsbp-3a44f864-2e12\" id=\"gspb_container-id-gsbp-3a44f864-2e12\"><\/div>\n\n\n\n<div class=\"wp-block-greenshift-blocks-container gspb_container gspb_container-gsbp-c246fcc3-afe5\" id=\"gspb_container-id-gsbp-c246fcc3-afe5\">\n<div id=\"gspb_text-id-gsbp-c880362d-686b\" class=\"gspb_text gspb_text-id-gsbp-c880362d-686b \">A partir de 7 ans<\/div>\n\n\n\n<p class=\"wp-block-paragraph\"><\/p>\n\n\n\n<div id=\"gspb_text-id-gsbp-bd2a7d12-b789\" class=\"gspb_text gspb_text-id-gsbp-bd2a7d12-b789 \"><strong>La denture est compos\u00e9e de dents lact\u00e9ales et de dents d\u00e9finitives<\/strong>.<br><strong>Un traitement peut alors \u00eatre indiqu\u00e9 pour modifier la forme des maxillaires.<\/strong><br><br>Les principales indications de traitement \u00e0 cet \u00e2ge sont :<\/div>\n<\/div>\n<\/div>\n\n\n\n<div class=\"wp-block-greenshift-blocks-container gspb_container gspb_container-gsbp-1396e105-90c8\" id=\"gspb_container-id-gsbp-1396e105-90c8\">\n<div class=\"wp-block-greenshift-blocks-container gspb_container gspb_container-gsbp-9e1bdfb0-93a7\" id=\"gspb_container-id-gsbp-9e1bdfb0-93a7\"><\/div>\n\n\n\n<div class=\"wp-block-greenshift-blocks-container gspb_container gspb_container-gsbp-c437bada-2ad2\" id=\"gspb_container-id-gsbp-c437bada-2ad2\">\n<div id=\"gspb_text-id-gsbp-13d900f7-327b\" class=\"gspb_text gspb_text-id-gsbp-13d900f7-327b \">\u00b7Lorsque certaines dents du haut se placent \u00e0 l\u2019int\u00e9rieur des dents du bas.<br>\u00b7Lorsqu\u2019il y a anomalie d\u2019\u00e9ruption.<br><strong>\u00b7<\/strong>Lorsque les maxillaires sont trop \u00e9troits.<br>\u00b7Lorsqu\u2019une dent d\u00e9finitive a d\u00fb \u00eatre extraite pr\u00e9matur\u00e9ment, un syst\u00e8me maintenant l\u2019espace de la dent d\u00e9finitive devra \u00eatre mis en place.<br>\u00b7Lorsqu\u2019il y a parafonction, comme la succion du pouce Un traitement \u00e0 cet \u00e2ge permet de stopper l\u2019aggravation d\u2019un probl\u00e8me et d\u2019obtenir une croissance plus harmonieuse de la face.<\/div>\n<\/div>\n<\/div>\n\n\n\n<div class=\"wp-block-greenshift-blocks-container gspb_container gspb_container-gsbp-988fbcda-c51a\" id=\"gspb_container-id-gsbp-988fbcda-c51a\">\n<div class=\"wp-block-greenshift-blocks-container gspb_container gspb_container-gsbp-b4facb91-a495\" id=\"gspb_container-id-gsbp-b4facb91-a495\"><\/div>\n\n\n\n<div class=\"wp-block-greenshift-blocks-container gspb_container gspb_container-gsbp-01189163-d889\" id=\"gspb_container-id-gsbp-01189163-d889\"><\/div>\n<\/div>\n<\/div>\n\n\n\n<div class=\"wp-block-greenshift-blocks-row-column gspb_row__col--4 gspb_col-id-gsbp-9ce2f27d-42b3\" id=\"gspb_col-id-gsbp-9ce2f27d-42b3\">\n<div class=\"wp-block-greenshift-blocks-iconbox gspb_iconBox gspb_iconBox-id-gsbp-e8b0b2fb-5863\" id=\"gspb_iconBox-id-gsbp-e8b0b2fb-5863\"><div class=\"gspb_iconBox__wrapper\" style=\"display:inline-flex\"><svg class=\"zd ld qb ak\" viewBox=\"0 0 16 172\" style=\"width:5rem;height:5rem;margin:10px\" fill=\"none\" stroke=\"currentColor\" xmlns=\"http:\/\/www.w3.org\/2000\/svg\">\n                                    <line y1=\"-0.5\" x2=\"18.0278\" y2=\"-0.5\" transform=\"matrix(-0.83205 -0.5547 -0.5547 0.83205 15 11)\"><\/line>\n                                    <line y1=\"-0.5\" x2=\"18.0278\" y2=\"-0.5\" transform=\"matrix(-0.83205 -0.5547 -0.5547 0.83205 15 46)\"><\/line>\n                                    <line y1=\"-0.5\" x2=\"18.0278\" y2=\"-0.5\" transform=\"matrix(-0.83205 -0.5547 -0.5547 0.83205 15 81)\"><\/line>\n                                    <line y1=\"-0.5\" x2=\"18.0278\" y2=\"-0.5\" transform=\"matrix(-0.83205 -0.5547 -0.5547 0.83205 15 116)\"><\/line>\n                                    <line y1=\"-0.5\" x2=\"18.0278\" y2=\"-0.5\" transform=\"matrix(-0.83205 -0.5547 -0.5547 0.83205 15 151)\"><\/line>\n                                    <line y1=\"-0.5\" x2=\"18.0278\" y2=\"-0.5\" transform=\"matrix(-0.83205 -0.5547 -0.5547 0.83205 15 18)\"><\/line>\n                                    <line y1=\"-0.5\" x2=\"18.0278\" y2=\"-0.5\" transform=\"matrix(-0.83205 -0.5547 -0.5547 0.83205 15 53)\"><\/line>\n                                    <line y1=\"-0.5\" x2=\"18.0278\" y2=\"-0.5\" transform=\"matrix(-0.83205 -0.5547 -0.5547 0.83205 15 88)\"><\/line>\n                                    <line y1=\"-0.5\" x2=\"18.0278\" y2=\"-0.5\" transform=\"matrix(-0.83205 -0.5547 -0.5547 0.83205 15 123)\"><\/line>\n                                    <line y1=\"-0.5\" x2=\"18.0278\" y2=\"-0.5\" transform=\"matrix(-0.83205 -0.5547 -0.5547 0.83205 15 158)\"><\/line>\n                                    <line y1=\"-0.5\" x2=\"18.0278\" y2=\"-0.5\" transform=\"matrix(-0.83205 -0.5547 -0.5547 0.83205 15 25)\"><\/line>\n                                    <line y1=\"-0.5\" x2=\"18.0278\" y2=\"-0.5\" transform=\"matrix(-0.83205 -0.5547 -0.5547 0.83205 15 60)\"><\/line>\n                                    <line y1=\"-0.5\" x2=\"18.0278\" y2=\"-0.5\" transform=\"matrix(-0.83205 -0.5547 -0.5547 0.83205 15 95)\"><\/line>\n                                    <line y1=\"-0.5\" x2=\"18.0278\" y2=\"-0.5\" transform=\"matrix(-0.83205 -0.5547 -0.5547 0.83205 15 130)\"><\/line>\n                                    <line y1=\"-0.5\" x2=\"18.0278\" y2=\"-0.5\" transform=\"matrix(-0.83205 -0.5547 -0.5547 0.83205 15 165)\"><\/line>\n                                    <line y1=\"-0.5\" x2=\"18.0278\" y2=\"-0.5\" transform=\"matrix(-0.83205 -0.5547 -0.5547 0.83205 15 32)\"><\/line>\n                                    <line y1=\"-0.5\" x2=\"18.0278\" y2=\"-0.5\" transform=\"matrix(-0.83205 -0.5547 -0.5547 0.83205 15 67)\"><\/line>\n                                    <line y1=\"-0.5\" x2=\"18.0278\" y2=\"-0.5\" transform=\"matrix(-0.83205 -0.5547 -0.5547 0.83205 15 102)\"><\/line>\n                                    <line y1=\"-0.5\" x2=\"18.0278\" y2=\"-0.5\" transform=\"matrix(-0.83205 -0.5547 -0.5547 0.83205 15 137)\"><\/line>\n                                    <line y1=\"-0.5\" x2=\"18.0278\" y2=\"-0.5\" transform=\"matrix(-0.83205 -0.5547 -0.5547 0.83205 15 172)\"><\/line>\n                                    <line y1=\"-0.5\" x2=\"18.0278\" y2=\"-0.5\" transform=\"matrix(-0.83205 -0.5547 -0.5547 0.83205 15 39)\"><\/line>\n                                    <line y1=\"-0.5\" x2=\"18.0278\" y2=\"-0.5\" transform=\"matrix(-0.83205 -0.5547 -0.5547 0.83205 15 74)\"><\/line>\n                                    <line y1=\"-0.5\" x2=\"18.0278\" y2=\"-0.5\" transform=\"matrix(-0.83205 -0.5547 -0.5547 0.83205 15 109)\"><\/line>\n                                    <line y1=\"-0.5\" x2=\"18.0278\" y2=\"-0.5\" transform=\"matrix(-0.83205 -0.5547 -0.5547 0.83205 15 144)\"><\/line>\n                                <\/svg><\/div><\/div>\n<\/div>\n\n\n\n<div class=\"wp-block-greenshift-blocks-row-column gspb_row__col--4 gspb_col-id-gsbp-88b44583-17e3\" id=\"gspb_col-id-gsbp-88b44583-17e3\">\n<div class=\"wp-block-greenshift-blocks-container gspb_container gspb_container-gsbp-c08165e4-5b9f\" id=\"gspb_container-id-gsbp-c08165e4-5b9f\">\n<div class=\"wp-block-greenshift-blocks-container gspb_container gspb_container-gsbp-77ff0b12-c1a9\" id=\"gspb_container-id-gsbp-77ff0b12-c1a9\"><\/div>\n\n\n\n<div class=\"wp-block-greenshift-blocks-container gspb_container gspb_container-gsbp-80d05418-7d99\" id=\"gspb_container-id-gsbp-80d05418-7d99\">\n<div id=\"gspb_text-id-gsbp-d4c0a6d6-7016\" class=\"gspb_text gspb_text-id-gsbp-d4c0a6d6-7016 \">L\u2019orthodontie entre 8 et 12 ans<\/div>\n\n\n\n<p class=\"wp-block-paragraph\"><\/p>\n\n\n\n<div id=\"gspb_text-id-gsbp-c1a3fe59-0bec\" class=\"gspb_text gspb_text-id-gsbp-c1a3fe59-0bec \"><strong>La dentition d\u00e9finitive se met en place.<\/strong><br>Un traitement est indiqu\u00e9 :<\/div>\n<\/div>\n<\/div>\n\n\n\n<div class=\"wp-block-greenshift-blocks-container gspb_container gspb_container-gsbp-c90b6dc2-5606\" id=\"gspb_container-id-gsbp-c90b6dc2-5606\">\n<div class=\"wp-block-greenshift-blocks-container gspb_container gspb_container-gsbp-12ad7fb7-3a94\" id=\"gspb_container-id-gsbp-12ad7fb7-3a94\"><\/div>\n\n\n\n<div class=\"wp-block-greenshift-blocks-container gspb_container gspb_container-gsbp-af7c0b50-9040\" id=\"gspb_container-id-gsbp-af7c0b50-9040\">\n<div id=\"gspb_text-id-gsbp-0092d60c-1cf9\" class=\"gspb_text gspb_text-id-gsbp-0092d60c-1cf9 \">Pour corriger les d\u00e9calages entre les deux m\u00e2choires :<br><br>\u00b7ant\u00e9ropost\u00e9rieur<br>\u00b7transversal<br>\u00b7vertical<br><br> Pour corriger une insuffisance de place pour un bon alignement des dents<\/div>\n<\/div>\n<\/div>\n\n\n\n<div class=\"wp-block-greenshift-blocks-container gspb_container gspb_container-gsbp-b0b97765-9de6\" id=\"gspb_container-id-gsbp-b0b97765-9de6\">\n<div class=\"wp-block-greenshift-blocks-container gspb_container gspb_container-gsbp-e509fba2-6642\" id=\"gspb_container-id-gsbp-e509fba2-6642\"><\/div>\n\n\n\n<div class=\"wp-block-greenshift-blocks-container gspb_container gspb_container-gsbp-bc6e2ce1-ab82\" id=\"gspb_container-id-gsbp-bc6e2ce1-ab82\"><\/div>\n<\/div>\n<\/div>\n<\/div>\n\n\n\n<div id=\"gspb_text-id-gsbp-d2aa1e33-e107\" class=\"gspb_text gspb_text-id-gsbp-d2aa1e33-e107 \"><\/div>\n\n\n\n<div id=\"gspb_text-id-gsbp-3a52d43b-f4e5\" class=\"gspb_text gspb_text-id-gsbp-3a52d43b-f4e5 \"><\/div>\n<\/div>\n <\/div><\/div>\n\n\n\n<div data-aos= \"fade\" data-aos-duration=\"400\" data-aos-delay=\"0\" data-aos-easing=\"ease\" data-aos-once=\"true\" class=\"wp-block-uagb-marketing-button uagb-marketing-btn__align-center uagb-marketing-btn__align-text-center uagb-marketing-btn__icon-after uagb-block-315ddc7d wp-block-button uag-blocks-common-selector\" style=\"--z-index-desktop:639;;--z-index-tablet:undefined;;--z-index-mobile:undefined;\"><a href=\"https:\/\/www.orthodontie-haguenau.fr\/?page_id=4792\" class=\"uagb-marketing-btn__link wp-block-button__link\" target=\"\" rel=\"noopener noreferrer\"><span class=\"uagb-marketing-btn__title\">Retour<\/span><svg xmlns=\"https:\/\/www.w3.org\/2000\/svg\" viewBox=\"0 0 512 512\"><path d=\"M384 320c-17.67 0-32 14.33-32 32v96H64V160h96c17.67 0 32-14.32 32-32s-14.33-32-32-32L64 96c-35.35 0-64 28.65-64 64V448c0 35.34 28.65 64 64 64h288c35.35 0 64-28.66 64-64v-96C416 334.3 401.7 320 384 320zM488 0H352c-12.94 0-24.62 7.797-29.56 19.75c-4.969 11.97-2.219 25.72 6.938 34.88L370.8 96L169.4 297.4c-12.5 12.5-12.5 32.75 0 45.25C175.6 348.9 183.8 352 192 352s16.38-3.125 22.62-9.375L416 141.3l41.38 41.38c9.156 9.141 22.88 11.84 34.88 6.938C504.2 184.6 512 172.9 512 160V24C512 10.74 501.3 0 488 0z\"><\/path><\/svg><p class=\"uagb-marketing-btn__prefix\"><\/p><\/a><\/div>\n","protected":false},"excerpt":{"rendered":"","protected":false},"author":2,"featured_media":0,"parent":0,"menu_order":0,"comment_status":"closed","ping_status":"closed","template":"","meta":{"_gspb_post_css":"#gspb_heading-id-gsbp-60fe6609-6253{font-size:2.3rem;line-height:2.6rem}@media (max-width:991.98px){#gspb_heading-id-gsbp-60fe6609-6253{font-size:2.3rem;line-height:2.5rem}}@media (max-width:575.98px){#gspb_heading-id-gsbp-60fe6609-6253{font-size:1.9rem}}#gspb_heading-id-gsbp-60fe6609-6253,#gspb_heading-id-gsbp-60fe6609-6253 .gsap-g-line{text-align:center!important}#gspb_heading-id-gsbp-60fe6609-6253{font-weight:700!important;color:var(--wp--preset--color--white, #ffffff)}.gspb_text-id-gsbp-3e12f306-d62e{font-size:1rem;line-height:1rem;text-align:center!important;font-weight:500!important;color:#52525b;margin-top:.8rem!important}.gspb_text-id-gsbp-3e12f306-d62e .gsap-g-line{text-align:center!important}.gspb_text-id-gsbp-c880362d-686b{font-size:1.8rem;line-height:1.8rem;text-align:center!important;font-weight:700!important;color:#070707}.gspb_text-id-gsbp-bd2a7d12-b789{font-size:1rem;line-height:1.3rem;color:#000;margin-top:.3rem!important}.gspb_text-id-gsbp-13d900f7-327b{font-size:1rem;line-height:1.3rem;color:var(--wp--preset--color--black, #000000);margin-top:.3rem!important}#gspb_iconBox-id-gsbp-e8b0b2fb-5863 svg{height:170px!important;width:170px!important;min-width:170px!important;margin:0!important}#gspb_iconBox-id-gsbp-e8b0b2fb-5863{justify-content:center;display:flex}#gspb_iconBox-id-gsbp-e8b0b2fb-5863 svg,#gspb_iconBox-id-gsbp-e8b0b2fb-5863 svg path{fill:#d2d2d3!important;stroke:#d2d2d3!important}@media (max-width:767px){#gspb_iconBox-id-gsbp-e8b0b2fb-5863{max-height:90px}}@media (max-width:575.98px){#gspb_iconBox-id-gsbp-e8b0b2fb-5863 .gspb_iconBox__wrapper{transform:rotateZ(90deg)}}.gspb_text-id-gsbp-d4c0a6d6-7016{font-size:1.8rem;line-height:1.8rem;text-align:center!important;font-weight:700!important;color:var(--wp--preset--color--black, #000000)}.gspb_text-id-gsbp-c880362d-686b .gsap-g-line,.gspb_text-id-gsbp-d4c0a6d6-7016 .gsap-g-line{text-align:center!important}.gspb_text-id-gsbp-0092d60c-1cf9,.gspb_text-id-gsbp-c1a3fe59-0bec{font-size:1rem;line-height:1.3rem;color:var(--wp--preset--color--black, #000000);margin-top:.3rem!important}#gspb_row-id-gsbp-22ed571c-f456{justify-content:space-between;margin-top:0;margin-bottom:0;display:flex;flex-wrap:wrap;margin-top:3rem;padding:2.5rem}#gspb_row-id-gsbp-22ed571c-f456>.gspb_row__content{display:flex;justify-content:space-between;margin:0 auto;width:100%;flex-wrap:wrap}div[id^=gspb_col-id]{padding:15px min(3vw,20px);box-sizing:border-box;position:relative}@media (max-width:575.98px){#gspb_row-id-gsbp-22ed571c-f456{margin-top:2rem}}#gspb_row-id-gsbp-22ed571c-f456{box-shadow:0 5px 35px 0 #a6acb059;border-top-left-radius:16px;border-top-right-radius:16px;border-bottom-right-radius:16px;border-bottom-left-radius:16px;border-style:solid;border-width:1px;border-color:#ededed}#gspb_row-id-gsbp-22ed571c-f456>.gspb_backgroundOverlay{opacity:.02;border-top-left-radius:1px;border-top-right-radius:1px;border-bottom-right-radius:1px;border-bottom-left-radius:1px}@media (max-width:991.98px){#gspb_row-id-gsbp-22ed571c-f456>.gspb_backgroundOverlay{border-top-left-radius:6px;border-top-right-radius:6px;border-bottom-right-radius:6px;border-bottom-left-radius:6px}}.gspb_text-id-gsbp-d2aa1e33-e107{font-size:1rem;line-height:1rem;text-align:center!important;font-weight:500!important;color:#52525b;margin-top:2.2rem!important}.gspb_text-id-gsbp-3a52d43b-f4e5{font-size:1rem;text-align:center!important;font-weight:400!important;color:#73737a;margin-top:.5rem!important}.gspb_text-id-gsbp-3a52d43b-f4e5 .gsap-g-line,.gspb_text-id-gsbp-d2aa1e33-e107 .gsap-g-line{text-align:center!important}#gspb_row-id-gsbp-5e9baeff-b823{justify-content:space-between;margin-top:0;margin-bottom:0;display:flex;flex-wrap:wrap;padding-top:5rem;padding-bottom:5rem}#gspb_row-id-gsbp-5e9baeff-b823>.gspb_row__content{display:flex;justify-content:space-between;margin:0 auto;width:100%;flex-wrap:wrap;max-width:1024px}.gspb_row{position:relative}@media (max-width:991.98px){#gspb_row-id-gsbp-5e9baeff-b823{padding-top:4rem;padding-bottom:4rem}}@media (max-width:575.98px){#gspb_row-id-gsbp-5e9baeff-b823{padding-top:3rem;padding-bottom:3rem}}#gspb_row-id-gsbp-5e9baeff-b823{background-color:#3b3a3a;isolation:isolate}#gspb_row-id-gsbp-5e9baeff-b823>.gspb_backgroundOverlay{position:absolute;top:0;left:0;width:100%;height:100%;z-index:-1;background-image:url(https:\/\/www.orthodontie-haguenau.fr\/wp-content\/uploads\/2017\/05\/c.jpg);background-size:cover;background-repeat:no-repeat;background-position:56% 76%}#gspb_col-id-gsbp-f23dc2b5-cd88.gspb_row__col--12{width:100%}@media (max-width:575.98px){#gspb_col-id-gsbp-f23dc2b5-cd88.gspb_row__col--12{width:100%}}.gspb_row #gspb_col-id-gsbp-f23dc2b5-cd88.gspb_row__col--12{padding-right:2rem;padding-left:2rem}@media (max-width:991.98px){.gspb_row #gspb_col-id-gsbp-f23dc2b5-cd88.gspb_row__col--12{padding-right:2rem;padding-left:2rem}}@media (max-width:767.98px){.gspb_row #gspb_col-id-gsbp-f23dc2b5-cd88.gspb_row__col--12{padding-right:1.5rem;padding-left:1.5rem}}@media (max-width:575.98px){.gspb_row #gspb_col-id-gsbp-f23dc2b5-cd88.gspb_row__col--12{padding-right:1rem;padding-left:1rem}}body #gspb_col-id-gsbp-f23dc2b5-cd88.gspb_row__col--12{display:flex;align-items:center}.gspb_container-id-gsbp-99af861b-1879{flex-direction:column;box-sizing:border-box}#gspb_container-id-gsbp-01189163-d889.gspb_container>p:last-of-type,#gspb_container-id-gsbp-12ad7fb7-3a94.gspb_container>p:last-of-type,#gspb_container-id-gsbp-1396e105-90c8.gspb_container>p:last-of-type,#gspb_container-id-gsbp-3a44f864-2e12.gspb_container>p:last-of-type,#gspb_container-id-gsbp-77ff0b12-c1a9.gspb_container>p:last-of-type,#gspb_container-id-gsbp-80d05418-7d99.gspb_container>p:last-of-type,#gspb_container-id-gsbp-988fbcda-c51a.gspb_container>p:last-of-type,#gspb_container-id-gsbp-99af861b-1879.gspb_container>p:last-of-type,#gspb_container-id-gsbp-9e1bdfb0-93a7.gspb_container>p:last-of-type,#gspb_container-id-gsbp-af7c0b50-9040.gspb_container>p:last-of-type,#gspb_container-id-gsbp-b0b97765-9de6.gspb_container>p:last-of-type,#gspb_container-id-gsbp-b4facb91-a495.gspb_container>p:last-of-type,#gspb_container-id-gsbp-b6e86034-a8fa.gspb_container>p:last-of-type,#gspb_container-id-gsbp-bc6e2ce1-ab82.gspb_container>p:last-of-type,#gspb_container-id-gsbp-c08165e4-5b9f.gspb_container>p:last-of-type,#gspb_container-id-gsbp-c246fcc3-afe5.gspb_container>p:last-of-type,#gspb_container-id-gsbp-c437bada-2ad2.gspb_container>p:last-of-type,#gspb_container-id-gsbp-c90b6dc2-5606.gspb_container>p:last-of-type,#gspb_container-id-gsbp-e509fba2-6642.gspb_container>p:last-of-type{margin-bottom:0}#gspb_container-id-gsbp-99af861b-1879.gspb_container{display:flex;flex-direction:row;align-items:center;column-gap:6px;margin-left:-10px}#gspb_col-id-gsbp-7ac52675-522f.gspb_row__col--4{width:33.333333333333336%}@media (max-width:575.98px){#gspb_col-id-gsbp-7ac52675-522f.gspb_row__col--4{width:100%}}@media (min-width:992px){body.gspb-bodyfront #gspb_col-id-gsbp-7ac52675-522f.gspb_row__col--4{width:calc(40% - 0px - 0px)}}#gspb_col-id-gsbp-7ac52675-522f.gspb_row__col--4{box-shadow:0 15px 25px 0 var(--wp--preset--color--cyan-bluish-gray, #abb8c3)}#gspb_col-id-gsbp-7ac52675-522f.gspb_row__col--4:hover,#gspb_col-id-gsbp-88b44583-17e3.gspb_row__col--4:hover{box-shadow:0 15px 25px 0 rgba(0,0,0,.1)}#gspb_container-id-gsbp-1396e105-90c8.gspb_container,#gspb_container-id-gsbp-b6e86034-a8fa.gspb_container{display:flex;flex-direction:row;align-items:center;column-gap:1rem}.gspb_container-id-gsbp-1396e105-90c8,.gspb_container-id-gsbp-3a44f864-2e12,.gspb_container-id-gsbp-988fbcda-c51a,.gspb_container-id-gsbp-9e1bdfb0-93a7,.gspb_container-id-gsbp-b6e86034-a8fa,.gspb_container-id-gsbp-c246fcc3-afe5,.gspb_container-id-gsbp-c437bada-2ad2{flex-direction:column;box-sizing:border-box}#gspb_container-id-gsbp-1396e105-90c8.gspb_container{margin-top:2.5rem}#gspb_container-id-gsbp-988fbcda-c51a.gspb_container{display:flex;flex-direction:row;align-items:center;column-gap:1rem;margin-top:2.5rem}#gspb_col-id-gsbp-9ce2f27d-42b3.gspb_row__col--4{width:33.333333333333336%}@media (max-width:575.98px){#gspb_col-id-gsbp-9ce2f27d-42b3.gspb_row__col--4{width:100%}}@media (min-width:992px){body.gspb-bodyfront #gspb_col-id-gsbp-9ce2f27d-42b3.gspb_row__col--4{width:calc(20% - 0px - 0px)}}#gspb_col-id-gsbp-9ce2f27d-42b3.gspb_row__col--4{flex-direction:column}body #gspb_col-id-gsbp-9ce2f27d-42b3.gspb_row__col--4{display:flex;justify-content:center}@media (max-width:575.98px){body #gspb_col-id-gsbp-9ce2f27d-42b3.gspb_row__col--4{justify-content:center}}#gspb_col-id-gsbp-88b44583-17e3.gspb_row__col--4{width:33.333333333333336%}@media (max-width:575.98px){#gspb_col-id-gsbp-88b44583-17e3.gspb_row__col--4{width:100%}}@media (min-width:992px){body.gspb-bodyfront #gspb_col-id-gsbp-88b44583-17e3.gspb_row__col--4{width:calc(40% - 0px - 0px)}}#gspb_col-id-gsbp-88b44583-17e3.gspb_row__col--4{box-shadow:0 15px 25px 0 var(--wp--preset--color--cyan-bluish-gray, #abb8c3)}.gspb_container-id-gsbp-01189163-d889,.gspb_container-id-gsbp-b4facb91-a495,.gspb_container-id-gsbp-c08165e4-5b9f{flex-direction:column;box-sizing:border-box}#gspb_container-id-gsbp-c08165e4-5b9f.gspb_container,#gspb_container-id-gsbp-c90b6dc2-5606.gspb_container{display:flex;flex-direction:row;align-items:center;column-gap:1rem}#gspb_container-id-gsbp-c90b6dc2-5606.gspb_container{margin-top:2.5rem}#gspb_container-id-gsbp-b0b97765-9de6.gspb_container{display:flex;flex-direction:row;align-items:center;column-gap:1rem;margin-top:2.5rem}.gspb_container-id-gsbp-12ad7fb7-3a94,.gspb_container-id-gsbp-77ff0b12-c1a9,.gspb_container-id-gsbp-80d05418-7d99,.gspb_container-id-gsbp-af7c0b50-9040,.gspb_container-id-gsbp-b0b97765-9de6,.gspb_container-id-gsbp-bc6e2ce1-ab82,.gspb_container-id-gsbp-c90b6dc2-5606,.gspb_container-id-gsbp-e509fba2-6642{flex-direction:column;box-sizing:border-box}.gspb_container{position:relative}","_crdt_document":"","_uag_custom_page_level_css":"","advgb_blocks_editor_width":"","advgb_blocks_columns_visual_guide":"","footnotes":""},"class_list":["post-4862","page","type-page","status-publish","hentry"],"uagb_featured_image_src":{"full":false,"thumbnail":false,"medium":false,"medium_large":false,"large":false,"1536x1536":false,"2048x2048":false},"uagb_author_info":{"display_name":"Eric Toledano","author_link":"https:\/\/www.orthodontie-haguenau.fr\/?author=2"},"uagb_comment_info":0,"uagb_excerpt":null,"coauthors":[],"author_meta":{"author_link":"https:\/\/www.orthodontie-haguenau.fr\/?author=2","display_name":"Eric Toledano"},"relative_dates":{"created":"Publi\u00e9 3 ans il y a","modified":"Mis \u00e0 jour 2 ans il y a"},"absolute_dates":{"created":"Publi\u00e9 le 22 juin 2023","modified":"Mise \u00e0 jour le 14 f\u00e9vrier 2024"},"absolute_dates_time":{"created":"Publi\u00e9 le 22 juin 2023 15 h 50 min","modified":"Mise \u00e0 jour le 14 f\u00e9vrier 2024 10 h 35 min"},"featured_img_caption":"","featured_img":false,"series_order":"","_links":{"self":[{"href":"https:\/\/www.orthodontie-haguenau.fr\/index.php?rest_route=\/wp\/v2\/pages\/4862","targetHints":{"allow":["GET"]}}],"collection":[{"href":"https:\/\/www.orthodontie-haguenau.fr\/index.php?rest_route=\/wp\/v2\/pages"}],"about":[{"href":"https:\/\/www.orthodontie-haguenau.fr\/index.php?rest_route=\/wp\/v2\/types\/page"}],"author":[{"embeddable":true,"href":"https:\/\/www.orthodontie-haguenau.fr\/index.php?rest_route=\/wp\/v2\/users\/2"}],"replies":[{"embeddable":true,"href":"https:\/\/www.orthodontie-haguenau.fr\/index.php?rest_route=%2Fwp%2Fv2%2Fcomments&post=4862"}],"version-history":[{"count":21,"href":"https:\/\/www.orthodontie-haguenau.fr\/index.php?rest_route=\/wp\/v2\/pages\/4862\/revisions"}],"predecessor-version":[{"id":5838,"href":"https:\/\/www.orthodontie-haguenau.fr\/index.php?rest_route=\/wp\/v2\/pages\/4862\/revisions\/5838"}],"wp:attachment":[{"href":"https:\/\/www.orthodontie-haguenau.fr\/index.php?rest_route=%2Fwp%2Fv2%2Fmedia&parent=4862"}],"curies":[{"name":"wp","href":"https:\/\/api.w.org\/{rel}","templated":true}]}}